-3030 - -1400?
-1230
In base 14, what is 5 - -8878?
887d
In base 14, what is 21 + 692?
6b3
In base 11, what is -2299 - 86?
-2374
In base 14, what is -27 + 542?
519
In base 8, what is 16 - 6447?
-6431
In base 6, what is -53 + 124223?
124130
In base 13, what is 8c - -3c0?
47c
In base 14, what is a4 + -1b7?
-113
In base 8, what is -1167 + 4474?
3305
In base 6, what is 15015232 - 0?
15015232
In base 15, what is 12a59d + -2?
12a59b
In base 4, what is 131 - 3121223?
-3121032
In base 5, what is -2 - 1434?
-1441
In base 3, what is 1011100020 - 20?
1011100000
In base 8, what is -5677 - -46?
-5631
In base 4, what is -11032 + 20111?
3013
In base 3, what is 2201 - 211020112?
-211010211
In base 11, what is -100787 + -3?
-10078a
In base 10, what is -6 - -46187?
46181
In base 13, what is 1 - -2b8c?
2b90
In base 8, what is -121 + 472?
351
In base 5, what is 23103124 - 3?
23103121
In base 11, what is 0 + 20821a?
20821a
In base 9, what is 456 - -41?
507
In base 13, what is -6 + 55a?
554
In base 4, what is -102 + -22231?
-22333
In base 11, what is -696 + -496?
-1081
In base 6, what is 104 + 4223442?
4223550
In base 6, what is -131030 + -2?
-131032
In base 7, what is 11362 - -52?
11444
In base 2, what is -1011111011001111 - -111?
-1011111011001000
In base 4, what is -3323030 + 0?
-3323030
In base 16, what is -9f902 + 5?
-9f8fd
In base 10, what is 24756 - -5?
24761
In base 10, what is -1390 - 508?
-1898
In base 4, what is 23201 - -23?
23230
In base 16, what is -14 - -79b?
787
In base 5, what is 421403033 + 3?
421403041
In base 14, what is 178 + 28?
1a2
In base 12, what is -34452 + -32?
-34484
In base 6, what is -452543 - 2?
-452545
In base 12, what is -1365126 - 4?
-136512a
In base 10, what is 2998 + 4?
3002
In base 12, what is ab5 + -40?
a75
In base 10, what is -1753 + 0?
-1753
In base 15, what is -3 - -341?
33d
In base 15, what is 4 + bc80?
bc84
In base 12, what is 18a - 6a?
120
In base 4, what is 100 - 12231?
-12131
In base 12, what is -3 + -349128?
-34912b
In base 13, what is 3232 + -3?
322c
In base 14, what is 47 - -47?
90
In base 3, what is -1202110 + 220?
-1201120
In base 9, what is -1386 - -244?
-1142
In base 13, what is -12b35 - -5?
-12b30
In base 6, what is 14355 + 103?
14502
In base 14, what is -4 + 1098?
1094
In base 10, what is 3 - 14167?
-14164
In base 2, what is -10 - 1010010111110?
-1010011000000
In base 2, what is 101 - -1101000011010?
1101000011111
In base 7, what is -61 + -22114?
-22205
In base 4, what is 3000102 + 10311?
3011013
In base 9, what is 4 - 583542?
-583537
In base 6, what is 3224 - -313?
3541
In base 15, what is -36 + -1898?
-18ce
In base 4, what is -223033013 - -11?
-223033002
In base 3, what is -11200201 + 111201?
-11012000
In base 4, what is 22213103 - 11?
22213032
In base 12, what is -8 - ba78?
-ba84
In base 15, what is 5 + 195e9?
195ee
In base 16, what is -9 - -d77?
d6e
In base 8, what is 17226 - -4?
17232
In base 13, what is 9 + 988?
994
In base 2, what is -1101011011101110111 - -111?
-1101011011101110000
In base 4, what is 3231201200 + -2?
3231201132
In base 7, what is 1602 - -146?
2051
In base 7, what is -5 + 1102063?
1102055
In base 7, what is -121 + 10061?
6640
In base 16, what is -4948 + 14?
-4934
In base 3, what is 10100010100 + -10012?
10100000011
In base 3, what is -11200012210 - 2?
-11200012212
In base 12, what is -121b + -1a4?
-1403
In base 6, what is 4 - -13522410?
13522414
In base 16, what is 16b + 52?
1bd
In base 2, what is 101001010101110111001 + 100?
101001010101110111101
In base 14, what is 5a47 + -3?
5a44
In base 10, what is 0 + 511?
511
In base 6, what is 5 + 104413?
104422
In base 14, what is 3 + 9c7b?
9c80
In base 12, what is -26751 - 17?
-26768
In base 9, what is 44034 - 3?
44031
In base 5, what is 331200 - -3?
331203
In base 8, what is -203 - -20350?
20145
In base 12, what is -8621b - -6?
-86215
In base 15, what is 23 - 289a?
-2877
In base 13, what is -3527 - 18?
-3542
In base 15, what is -7c58 + -1?
-7c59
In base 9, what is -1446 - -55?
-1381
In base 11, what is -3 - -62a06?
62a03
In base 4, what is 10033332323 + 2?
10033332331
In base 5, what is 1114 + -1220?
-101
In base 7, what is -4 + 36021?
36014
In base 11, what is -2 + 87033?
87031
In base 9, what is 55 + -2282?
-2226
In base 7, what is 2205 - 3031?
-523
In base 5, what is 141 - 22130?
-21434
In base 14, what is 521bd - 4?
521b9
In base 16, what is 375d + -e?
374f
In base 14, what is 5 + 3572?
3577
In base 9, what is 2284 - -56?
2351
In base 11, what is 1237 - 12?
1225
In base 15, what is -53 - 4d13?
-4d66
In base 6, what is -25520 - -513?
-25003
In base 3, what is -221220 - -22?
-221121
In base 12, what is -1 - 12734?
-12735
In base 8, what is -227530 - -1?
-227527
In base 9, what is -67253 + -11?
-67264
In base 6, what is 445453200 - 4?
445453152
In base 4, what is 3 + 111?
120
In base 14, what is -5 + 1b291d?
1b2918
In base 3, what is 12 - 220001022110?
-220001022021
In base 13, what is -ca5 + 41?
-c64
In base 5, what is 24203 + 1020?
30223
In base 12, what is -63 + 659?
5b6
In base 14, what is 1674 - 14?
1660
In base 16, what is -d7a + -6?
-d80
In base 13, what is -5 + -293b1?
-293b6
In base 7, what is -1022 + 14402?
13350
In base 3, what is -101101 - -22020121?
21212020
In base 10, what is -130 - -1654?
1524
In base 6, what is -4 + 521403?
521355
In base 6, what is -3322114 - -35?
-3322035
In base 14, what is -427b + -85?
-4322
In base 8, what is 64527 + -32?
64475
In base 9, what is 428 - -254?
683
In base 11, what is -5196 + 32?
-5164
In base 16, what is 15 - ce2e?
-ce19
In base 5, what is 1101 - 410?
141
In base 9, what is -136015 + -13?
-136028
In base 15, what is 3a97 + 2e?
3ac6
In base 6, what is 0 - -23030304?
23030304
In base 6, what is -3504542 + -2?
-3504544
In base 16, what is -80990 - -5?
-8098b
In base 11, what is 448 + -a00?
-563
In base 7, what is 54431 - 3?
54425
In base 9, what is 148685 - -4?
148700
In base 12, what is 789 + -3?
786
In base 8, what is 21 + -2526?
-2505
In base 12, what is 49b05 + -9?
49ab8
In base 12, what is -1126 + -1a?
-1144
In base 15, what is 53 - -671d?
6771
In base 4, what is 33223 + 1113?
101002
In base 15, what is d + e202?
e210
In base 5, what is -10 + -21121314?
-21121324
In base 2, what is -101 + 11011111110010011?
11011111110001110
In base 14, what is -1838 - 2d?
-1867
In base 7, what is 46 + 302353?
302432
In base 15, what is 2 - -a957e?
a9581
In base 15, what is -5e7aed + -2?
-5e7b00
In base 15, what is 26bd7 + -4?
26bd3
In base 7, what is 3326 + 1254?
4613
In base 3, what is 10022112202 + 11?
10022112220
In base 14, what is abc5 - 5?
abc0
In base 15, what is -2b - 2db?
-317
In base 9, what is -3 - -60036?
60033
In base 3, what is -12 + -201212212201?
-201212212220
In base 12, what is 1b35 + -83?
1a72
In base 11, what is -326885 + 3?
-326882
In base 12, what is -373 + 111?
-262
In base 7, what is 15252052 + 5?
15252060
In base 9, what is -612 + 178?
-423
In base 10, what is 0 + 245354?
245354
In base 15, what is -a3 - 1ac?
-260
In base 16, what is -1f + -279?
-298
In base 15, what is -1c6 - -7c1?
5ea
In base 15, what is d693 + 3?
d696
In base 11, what is 4 - -23169?
23172
In base 16, what is 24e5 + 154?
2639
In base 8, what is -1120577 - -5?
-1120572
In base 9, what is 246 - 2414?
-2157
In base 4, what is 11 - 13211123?
-13211112
In base 4, what is -300 + 33103?
32203
In base 14, what is -9 + 54425?
5441a
In base 5, what is -1 + -14414234?
-14414240
In base 6, what is -35153 - -141?
-35012
In base 7, what is 2566216 + 33?
2566252
In base 3, what is -12 - -21212121?
21212102
In base 11, what is 5 - -5a64?
5a69
In base 8, what is 3233145 - -4?
3233151
In base 9, what is -46 - -4642?
4585
In base 13, what is -8 - -3b1c6?
3b1bb
In base 9, what is -33764 - -107?
-33656
In base 5, what is -140 - -311201?
311011
In base 6, what is -2440302 + 1?
-2440301
In base 16, what is 4 - -1b88?
1b8c
In base 11, what is 7262570 + -3?
7262568
In base 7, what is 0 - -43614?
43614
In base 16, what is -2f42 + 2?
-2f40
In base 6, what is 20550 + -140?
20410
In base 10, what is 3 - 673116?
-673113
In base 7, what is 1403260 - -5?
1403265
In base 12, what is -18457 - 2?
-18459
In base 3, what is 10212112 - -101?
10212220
In base 2, what is 100 - -110100000100101?
110100000101001
In base 5, what is -2210231 + -1?
-2